at is 5 + 6 + 4 + -17 - -5?
3
-5 + 7 + 4 + -6
0
Calculate -2 + -1 - (1 + (-4 - -3)).
-3
Evaluate (5 - 1 - (7 + -8)) + 0.
5
-8 + (3 - 7) + 6
-6
Evaluate (-4 - ((5 - 12) + 6)) + 9.
6
What is the value of (-3 - -4) + -24 + 17?
-6
-1 + (3 - 3) - (4 - 8)
3
(0 - -8) + -2 + -6
0
What is -1 + -1 - (-1 - (-9 - -5))?
-5
What is the value of -10 + 7 - 2 - -2?
-3
Evaluate -6 + (-2 - -1) - (-246 + 241).
-2
What is -3 + 6 + -2 + -2 + -6?
-7
2 - -1 - (31 - 25)
-3
What is the value of 16 - 2 - ((-5 - -12) + 0)?
7
What is the value of 5 + -5 + (-5 - -1)?
-4
Calculate -1 - 0 - (-6 + 0 - -6).
-1
Evaluate 0 - ((0 - 2) + -3 - -2).
3
Evaluate 19 + -25 - (2 + -2).
-6
What is the value of 4 + -1 + (-1 - 3)?
-1
1 - 3 - (2 + -2 + -2)
0
8 - (5 - (-2 + 2))
3
What is the value of (6 + 14 - 13) + (-6 - -1)?
2
What is the value of -3 - -3 - (5 - 0)?
-5
Evaluate 1 + (-5 - -2) + -2 + 0.
-4
13 + -20 - (-10 - 1)
4
What is the value of 9 + -10 + (-3 + -1 - -2)?
-3
Calculate -4 + (1 - (-8 - -8)).
-3
Calculate 5 - (-3 - -3) - (-1 - -3).
3
What is -5 + 2 + 0 + 2?
-1
What is 6 + 4 + -12 + (2 - -6)?
6
-3 - (-10 + 0) - (3 + -2)
6
What is the value of (-3 - (-6 + 2)) + (-5 - -2)?
-2
Calculate (5 - (13 + -11)) + (-1 - -1).
3
Evaluate -1 + 0 - 0 - (-11 + 12).
-2
What is the value of 2 + -6 + -3 + 4 + 5?
2
(-3 - -2) + -6 - -2 - -5
0
What is the value of -11 - (-9 + 2 + -12)?
8
1 + 0 - (6 + -2)
-3
Calculate -1 - 0 - (2 + 1 + -3).
-1
What is (2 - 5) + (13 - (1 + 7))?
2
What is -1 + 5 + -14 - -20?
10
What is 1 + -2 + 10 + -2?
7
(-7 - -4) + 2 + 0 + -4
-5
Evaluate 6 + -4 + (4 - 3 - -1).
4
Evaluate -3 - -4 - (4 + 0).
-3
What is (57 - 59) + 0 + (-7 - -2)?
-7
What is the value of 3 + 1 + -5 + 7?
6
Calculate (7 - ((-4 - -5) + 21)) + 7.
-8
What is -11 - -10 - (1 + 0)?
-2
What is 15 - 4 - (0 - -5)?
6
What is the value of (-6 - -7) + (1 - (-1 - 1))?
4
What is 5 - (6 + -7) - 6?
0
Calculate (1 - 6) + 4 - 4.
-5
What is the value of 5 - (-5 + 0 + 5)?
5
What is (3 - 2 - -2) + -5 + 4?
2
What is 157 + -152 + (1 - -2)?
8
Evaluate -1 + (-2 + 17 - 8) + -7.
-1
Calculate (-3 - -2 - -2) + -1.
0
Calculate 5 - (5 + 3 + 2).
-5
-5 + (-5 - -14) + -9
-5
What is (1 - (6 - 1)) + 0?
-4
Calculate -13 + 12 + (0 - 0).
-1
-5 + (6 - -10 - 5)
6
0 + (2 + 0 + -1 - 4)
-3
Calculate 4 + -4 + 4 + 1.
5
(7 - 4) + -2 + -3 - -5
3
Evaluate -1 - (-4 + 3 + 2) - 3.
-5
Evaluate 1 + (3 + -5 - -2).
1
3 - ((5 - -1) + 2)
-5
What is 2 + 6 + 1 + -2 + -5?
2
What is the value of (-20 + 15 - (-1 - -3)) + 7?
0
What is 2 - (1 + 2) - -4?
3
What is -5 + -5 + 5 - -10?
5
-1 - -4 - (10 + -8)
1
Evaluate -5 + 6 + -6 + 9.
4
-1 - (-6 + (2 - -14))
-11
What is (13 - 24) + -3 + 11?
-3
1 - (1 + -2 - (18 + -11))
9
Calculate 0 - 5 - (-6 + -5 + 10).
-4
What is the value of (11 + -1 - (54 + -50)) + -4?
2
-9 + 1 + (-1 - -5)
-4
Evaluate 3 - (30 + -13 + -10).
-4
What is the value of -3 + 4 - (0 + 6 + -5)?
0
What is -1 + -1 - 2 - -3?
-1
What is the value of -6 + (12 - (7 + -2))?
1
What is the value of 16 + (-17 + -5 - -10)?
4
-9 - (2 + -5) - -3
-3
What is the value of 6 + (-3 - 0 - 4) + -4?
-5
Calculate 51 + -44 - (2 + 5).
0
11 - (3 - (5 + -7))
6
Evaluate -4 - (3 - (-6 - -12)) - 2.
-3
What is 3 - (5 + 5 + -3)?
-4
Evaluate 3 + -25 + 16 - (-6 + 0).
0
What is the value of (7 - 7) + -5 + 6 - 2?
-1
4 + -8 + 0 - (0 + 1)
-5
What is the value of -6 - (-2 + -3 + 1)?
-2
What is 5 - 1 - (-8 - -10)?
2
Evaluate 1 - (0 - -3) - (-15 + 13).
0
Calculate -3 + 0 - (-5 + 8 - 5).
-1
12 + -17 + 2 + (2 - 2)
-3
What is 1 - (1 + -1 + -1 + -1)?
3
What is -5 + 5 + -1 - -2?
1
Evaluate (-9 - (-11 + 1)) + -2.
-1
What is the value of -2 + -2 + (-2 - -3)?
-3
Evaluate 3 - (4 + (0 - -1)).
-2
5 - 2 - 4 - -4
3
What is 30 - 28 - (6 - 1)?
-3
1 - (7 + (-9 - -2))
1
Calculate 6 - (9 + 3) - (0 + -13).
7
Evaluate 2 + -11 + (-11 - -25).
5
Calculate 0 - (-3 - (5 + -6)).
2
Calculate 24 + -31 - (-5 + -2).
0
Calculate 1 + -14 - (-4 - (19 + -20)).
-10
Evaluate -3 + (1 + -7 - -4).
-5
Evaluate -3 - 0 - (-5 - -1) - -2.
3
Evaluate (4 - (10 + -12)) + -1.
5
What is (-2 + -2 - -3 - -15) + -6?
8
What is (-1 - (-9 + 1)) + -9?
-2
What is the value of (7 - -4) + -12 + 9?
8
Calculate 6 + 1 + -11 + -1.
-5
-1 + -2 + (9 + 5 - 6)
5
Evaluate 3 - (1 - 2 - -3) - -2.
3
What is the value of 6 - (10 - (-13 - -12))?
-5
Calculate -1 - 1 - -2 - (-71 - -79).
-8
Calculate (2 - (4 + -2)) + 0 + -3.
-3
Calculate 2 - ((-29 - -27) + (1 - 0)).
3
3 - -1 - 0 - (-21 - -17)
8
(-2 - (-5 - -1)) + (-7 - -1)
-4
What is the value of (11 - 13) + 2 + -1?
-1
What is the value of 0 + 0 + 4 + -2?
2
Evaluate (-4 - 2) + -4 + 18 + -6.
2
-3 + (2 - 0) + 0 + -4
-5
(-5 - 2 - 6) + 7
-6
What is (4 + -1 - 3) + 60 + -58?
2
Evaluate 4 + -8 + -5 + 0 + 4.
-5
What is the value of (0 - 3) + 9 + 6 + -11?
1
What is (-3 - -3) + 8 + -12?
-4
(-8 - -3) + 11 + -4
2
Evaluate -3 + 4 + 8 + -8.
1
What is 3 - (3 + (-4 - (-7 + 6)))?
3
Calculate -2 + (-2 - -1) + -1 + 4.
0
Evaluate (-3 - (-6 - (-3 - 2))) + -2.
-4
What is the value of 4 + 4 + -2 - 7?
-1
Evaluate -11 - (-43 + 42 + (-1 - 4)).
-5
What is -1 - (-8 - (9 - 17))?
-1
What is the value of 0 + -6 + 23 + -22?
-5
Calculate (-6 - -7) + (-1 - -2).
2
9 + -4 + -3 + -1
1
What is (0 - -2) + (-12 - -10)?
0
What is the value of 2 - 1 - 11 - (-54 + 47)?
-3
What is the value of -13 + (7 - -5) - -6?
5
Calculate (-1 - (-3 + 1 - -1)) + -2.
-2
What is the value of -1 + 2 - (3 + 3)?
-5
What is the value of -5 + 4 - (3 + -2)?
-2
11 + 6 + -12 + -3
2
What is (6 - 6) + -4 + (1 - -4)?
1
Evaluate 1 + 2 - (-9 + 7 - -5).
0
What is 12 - ((-8 - -21) + -7)?
6
Calculate (-3 - -4 - 6) + (2 - -1).
-2
What is the value of 2 + (6 - 8 - 3 - -6)?
3
Calculate 1 - (-3 + 8 + -3 + 0).
-1
Evaluate -5 - (-4 - (-3 + -1)).
-5
Calculate -60 + 55 - (-4 + 1).
-2
Calculate (-2 - 5) + 4 + -2 + 0.
-5
What is the value of 4 + -4 + (-6 - -3)?
-3
Evaluate (4 - 5) + (3 - 0) + 3.
5
What is -7 + -1 + 6 + (-1 - 1)?
-4
Calculate (-2 - -4) + -1 + 1.
2
What is the value of 6 + (2 - 3 - 6)?
-1
What is the value of 10 + 1 + -4 + (-21 - -4)?
-10
1 + (4 - (3 + 4))
-2
What is the value of 7 - (10 - (9 - 10))?
-4
Evaluate 7 + -4 - -1 - (0 - -8).
-4
What is -2 - 1 - (6 - 2)?
-7
What is the value of (-29 - -25) + -2 + 9?
3
Calculate -2 - (5 - (6 + 0)).
-1
-1 + -4 + 3 + -2
-4
0 + 4 + (1 - 8) + 1
-2
What is the value of -1 - (-7 + 11 - 3)?
-2
((6 - -4) + -4 - 3) + -7
-4
What is -4 + (-4 - (-9 + 3))?
-2
0 + (3 - ((-1 - 1) + 5))
0
Calculate -5 + 10 - (12 + -3).
-4
Calculate (-3 - 3) + (-1 - -5).
-2
What is (1 + -1 - 1) + (-24 - -32)?
7
Calculate -2 + (2 - 2 - -5).
3
Calculate -15 - (-7 + -3) - -4.
-1
What is 9 - -2 - ((5 - -13) + -10)?
3
What is the value of -7 + 8 + -4 + 2 + 2?
1
What is 5 - 5 - (0 + 2)?
-2
What is -2 + (-6 - -5) + 5?
2
What is the value of (7 - (6 - 4)) + -10?
-5
What is -8 - 0 - (0 - 2) - 0?
-6
1 + 1 + (-1 - 6)
-5
Evaluate -1 + 0 + -1 + -3.
-5
Calculate -9 + 17 + 3 + -5.
6
What is the value of -8 + 4 + 9 - 6?
-1
Calculate -6 - 3 - (-4 - -1) - -4.
-2
(2 + -3 - 2 - -6) + 0
3
Evaluate 12 - (12 + -8) - 13.
-5
Evaluate 0 + (-7 - -3) + 6.
2
What is -16 + 7 + 14 + -12?
-7
What is 6 + (4 - 11) + -1 + 1?
-1
(1 - 9) + 18 + -11
-1
What is the value of (-1 - -2) + (17 - (21 + 7))?
-10
What is -115 - -113 - (-1 + 1)?
-2
Calculate (4 - 0 - 0) + 1.
5
Calculate (9 - (-8 - -19)) + 4.
2
Evaluate -5 - (2 - 3) - (-2 - 1).
-1
Calculate 8 + 3 + (-20 - -11).
2
What is 5 + 3 + -8 + -1?
-1
What is the value of -2 - (1 - -7 - (-5 - -24))?
9
What is (7 - -5 - 2) + -5?
5
What is 1 - (8 + -8 - 3)?
4
What is the value of (-11 - -6) + (2 - 1 - -7)?
3
4 + (-2 - ((-1 - -1) + -3))
5
Evaluate -237 - -232 - (0 + (1 - 5)).
-1
Evaluate -3 + -4 + 9 + (-1 - -1).
2
(-19 + 9 - -16) + (3 - 11)
-2
Evaluate 5 + -10 - (1 - 8) - 7.
-5
What is -4 + -6 + 7 + -2?
-5
What is the value of -2 + 2 - 3 - -1?
-2
What is the value of 5 - ((-4 - -2) + 10 + -3)?
0
Calculate -7 + -5 + 2 - -17.
7
(-1 - -15) + -8 + -10
-4
What is -3 - (-1 - -3 - 0)?
-5
What is 2 + -2 + (6 - (0 + 13))?
-7
What is (-5 - 4 - 0) + 4?
-5
What is the value of -7 + (-1 - -3) + 0?
-5
Calculate -7 - (7 + (-3 - -4 - 11)).
-4
What is the value of -63 + 59 - (-2 - -1)?
-3
What is the value of (-6 - -6) + (1 - (6 - 1))?
-4
What is the value of 8 + (0 + 0 - -5) + -7?
6
Calculate -9 + (-2 - (0 - 7)) - -12.
8
What is -4 - (1 - 7 - -4) - 0?
-2
Calculate 2 + 1 + -6 + 7.
4
Calculate 